87156089 prime?
True
Is 5635369483 prime?
False
Is 2974487287 prime?
False
Is 165127553 a prime number?
False
Is 116507653 a prime number?
True
Is 13080570761 a composite number?
True
Is 8332244351 a prime number?
True
Is 44738920717 a prime number?
False
Is 4140183899 a prime number?
True
Is 53824395683 a composite number?
False
Is 210233123 a prime number?
False
Is 26117788219 prime?
True
Is 690882527 prime?
True
Is 192767718829 prime?
False
Is 202511729 a prime number?
False
Is 20246000651 a composite number?
True
Is 168994699 composite?
True
Is 1263161287 a prime number?
False
Is 1967550173 composite?
False
Is 271777193 a composite number?
True
Is 635615 prime?
False
Is 15098949539 a composite number?
False
Is 8719265823 a prime number?
False
Is 109822999282 a composite number?
True
Is 5131002551 prime?
True
Is 1681694005 a prime number?
False
Is 23839971227 a composite number?
True
Is 180091427 prime?
True
Is 5599077161 a prime number?
True
Is 302864131 composite?
True
Is 11197324631 a composite number?
False
Is 1206302753 a composite number?
True
Is 1956191231 prime?
True
Is 6871183115 a composite number?
True
Is 1005123919 a composite number?
False
Is 330843391 prime?
False
Is 9179850397 a composite number?
True
Is 2396500147 a prime number?
True
Is 165055369 composite?
True
Is 33004910651 prime?
False
Is 7329301421 prime?
False
Is 6492067013 a prime number?
True
Is 232228057 a composite number?
False
Is 139492496959 prime?
False
Is 289690264169 a composite number?
True
Is 802484339 composite?
False
Is 7336270433 composite?
True
Is 435252911 a composite number?
False
Is 10528367757 a prime number?
False
Is 1735286563 composite?
True
Is 196013461253 composite?
True
Is 88326904943 a prime number?
False
Is 1322589779 prime?
False
Is 11011104231 a composite number?
True
Is 141884417 a composite number?
False
Is 1516549711 composite?
False
Is 31817007281 composite?
False
Is 12945248951 prime?
True
Is 33925625417 a composite number?
False
Is 1053171677 a composite number?
False
Is 75944392177 composite?
False
Is 44417369 prime?
True
Is 12989640979 a prime number?
False
Is 10828082803 composite?
True
Is 20977310234 a composite number?
True
Is 323738687 a prime number?
False
Is 521513819 composite?
False
Is 1554332141 a composite number?
False
Is 2484777287 a prime number?
True
Is 40015835 prime?
False
Is 4513177793 composite?
False
Is 134003189 a prime number?
True
Is 21234861629 composite?
False
Is 27379497377 composite?
True
Is 8055170863 composite?
False
Is 118936689805 prime?
False
Is 1146215369 a composite number?
True
Is 24470738783 composite?
True
Is 81495141551 a prime number?
True
Is 1793109751 composite?
False
Is 2668870531 composite?
True
Is 4464565681 a prime number?
False
Is 688869319 a prime number?
True
Is 49607133097 a composite number?
True
Is 4414815163 a composite number?
True
Is 2146013317 composite?
True
Is 3449298857 composite?
True
Is 496967041 a composite number?
True
Is 505565999 a prime number?
True
Is 239549519 a composite number?
True
Is 2117771917 prime?
True
Is 8671396859 a composite number?
False
Is 1686416681 composite?
True
Is 1104510167 a prime number?
False
Is 31639029887 composite?
True
Is 110115413 a prime number?
True
Is 107482733 prime?
True
Is 25528499533 composite?
False
Is 177629035 composite?
True
Is 15675762437 a prime number?
True
Is 251730463 prime?
True
Is 100602703 a prime number?
True
Is 177806857 a prime number?
True
Is 31085469271 prime?
False
Is 7074687329 composite?
False
Is 39160606337 a prime number?
False
Is 28507799677 a prime number?
False
Is 10510990687 a composite number?
True
Is 30213760939 a composite number?
False
Is 4229815127 composite?
False
Is 30995296341 a prime number?
False
Is 3196349587 a composite number?
False
Is 1219816337 composite?
False
Is 463856681 a composite number?
False
Is 3959519783 prime?
True
Is 347993441 composite?
False
Is 55311551209 composite?
False
Is 31302193823 composite?
True
Is 63429794107 a prime number?
True
Is 138273951047 composite?
False
Is 1228251526 prime?
False
Is 2142133039 composite?
False
Is 11513729 composite?
False
Is 13895371851 composite?
True
Is 19819222594 prime?
False
Is 1761096803 composite?
False
Is 3129584659 a composite number?
True
Is 2461864313 composite?
False
Is 4537994563 composite?
False
Is 23057510033 a prime number?
False
Is 220370497 a prime number?
False
Is 2832201469 a prime number?
False
Is 36315299191 a prime number?
False
Is 14660496209 composite?
False
Is 2303732471 composite?
True
Is 644370659 a composite number?
True
Is 337953971 composite?
True
Is 2059898063 a composite number?
False
Is 4179162605 a prime number?
False
Is 8641011077 composite?
False
Is 2176509833 a prime number?
True
Is 5574382631 a composite number?
False
Is 229697827 prime?
True
Is 2980180391 a composite number?
False
Is 67350810869 composite?
False
Is 66658468229 a prime number?
True
Is 11335863907 composite?
False
Is 5376240923 a prime number?
True
Is 35132893321 composite?
False
Is 96407543 prime?
True
Is 126079123141 a composite number?
False
Is 667674037 composite?
False
Is 6255229993 composite?
False
Is 475655382199 a prime number?
False
Is 341826457 prime?
False
Is 19956641 prime?
True
Is 695261041 composite?
False
Is 408366397 a composite number?
False
Is 2493639959 a composite number?
True
Is 9252628999 prime?
True
Is 7748575391 a composite number?
False
Is 4204910939 prime?
True
Is 172049393239 prime?
False
Is 2211611821 prime?
False
Is 9862303261 a prime number?
True
Is 23671069 a prime number?
True
Is 62549488087 a composite number?
False
Is 61467108317 composite?
False
Is 574475833 a composite number?
False
Is 56980455037 prime?
False
Is 9977544751 a prime number?
True
Is 114596761 prime?
False
Is 135173327 a composite number?
False
Is 6591292891 a prime number?
True
Is 3484083329 composite?
True
Is 10329756823 a composite number?
True
Is 464299379 a prime number?
False
Is 7959573883 composite?
True
Is 306303827 a prime number?
True
Is 227521681 a composite number?
True
Is 1501442233 a prime number?
True
Is 672727331 prime?
False
Is 3202438147 a prime number?
True
Is 362569943 prime?
False
Is 3450767471 a composite number?
False
Is 3814639022 a prime number?
False
Is 72250589 a composite number?
True
Is 3195926486 prime?
False
Is 1011602951 composite?
True
Is 39454637903 composite?
False
Is 1437816161 prime?
False
Is 7603211761 a prime number?
False
Is 1073857201 composite?
False
Is 12276148265 prime?
False
Is 54068388031 a composite number?
True
Is 2063572747 prime?
False
Is 61812509113 composite?
True
Is 333763283 prime?
False
Is 353940019 a prime number?
True
Is 825282163 a composite number?
False
Is 12262970123 a composite number?
True
Is 17603634749 a prime number?
False
Is 1518538609 a prime number?
False
Is 476985877 prime?
True
Is 27562767581 composite?
False
Is 1725034699 prime?
True
Is 251187983 prime?
False
Is 17021985089 composite?
False
Is 812366807 a prime number?
False
Is 2803386713 a prime number?
True
Is 4492887101 a prime number?
False
Is 2610181499 a prime number?
True
Is 3743984123 a composite number?
True
Is 50729339 a prime number?
True
Is 3552821863 a composite number?
True
Is 615174635 prime?
False
Is 112036604609 prime?
True
Is 93606322083 a prime number?
False
Is 2979962833 composite?
False
Is 6964440323 composite?
True
Is 19665182221 a composite number?
False
Is 296678539 prime?
True
Is 3078567599 composite?
False
Is 219763457819 composite?
False
Is 1439313721 a prime number?
False
Is 10325083 a prime number?
True
Is 140215954819 composite?
True
Is 9356338721 a composite number?
False
Is 3992184541 a composite number?
False
Is 179902030291 composite?
False
Is 4252723 composite?
True
Is 1365318047 a composite number?
True
Is 543381901 a composite number?
False
Is 86992217167 composite?
True
Is 36186646831 a composite number?
False
Is 103049873 a prime number?
False
Is 6015041657 a composite number?
False
Is 2212521422 a prime number?
False
Is 592685311 composite?
True
Is 57350383 a prime number?
True
Is 108335452109 prime?
True
Is 1072093097 a composite number?
True
Is 209500007 composite?
False
Is 832078397 a composite number?
False
Is 1800183479 a composite number?
False
Is 638074667 composite?
Fal